*x. Let m be g(-6). Suppose 2*o + c + 9 = 3*o, 0 = -o - m*c + 4. Is o a multiple of 2?
True
Suppose -3*q - 5*k = -37, 0*q = q - 3*k + 11. Suppose -a - 718 = -q*l, 2*l + 5*a = 449 - 79. Does 36 divide l?
True
Let j(w) be the first derivative of -2/3*w**3 - 5/2*w**2 - 5*w - 1/4*w**4 + 7. Is j(-4) a multiple of 11?
False
Let m(j) = -18*j + 2. Let a(c) = c - 1. Let w(z) = 3*a(z) - m(z). Is w(3) a multiple of 7?
False
Suppose 38*n = 41*n - 1851. Is 12 a factor of n?
False
Let i be 0 + (-4)/(-2) - -1. Suppose 4*j = -2*a + 42, a - 40 = -i*a + 3*j. Does 4 divide a?
False
Let z(h) = -2*h + 14. Let x be z(5). Let k(d) be the third derivative of d**5/15 - 5*d**4/24 - 2*d**3/3 + d**2. Is 10 a factor of k(x)?
True
Suppose 2*f = 2*b + 10, -5*b - 3*f - 10 = -5*f. Suppose 5*k = -3*h + 24 + 12, b = h - k - 4. Is h a multiple of 2?
False
Let l(p) be the first derivative of -p**3/3 - 7*p**2/2 + 2*p - 11. Let v be l(-7). Let h = 10 - v. Is h a multiple of 4?
True
Let g = -17 + 25. Let m = 29 - g. Let t = -13 + m. Is 6 a factor of t?
False
Let i be 2 + 8 + -2 + 2. Let z be 2/4*(-220)/(-2). Let k = z - i. Does 15 divide k?
True
Let v = 11 + -7. Suppose -14 = -v*b - x - 4*x, -12 = -3*b - 3*x. Is (26/3 + -2)*b a multiple of 16?
False
Suppose 0 = 2*f - 25 + 37. Is f/8 + 1041*5/60 a multiple of 15?
False
Suppose -3*z = r - 6, 3*z = r + r + 15. Let w(y) = -12*y + 9. Let m(j) = -6*j + 4. Let i(f) = -5*m(f) + 2*w(f). Is 8 a factor of i(z)?
True
Let w be (-315)/(-54) - (-1)/6. Suppose -w + 2 = 2*l. Let d = 5 - l. Is 5 a factor of d?
False
Let i(x) be the third derivative of -1/30*x**5 + 0*x**3 - 1/20*x**6 + 0*x + 0 - 1/24*x**4 - x**2. Does 4 divide i(-1)?
False
Suppose -4*u - h + 5536 = 0, -11*h + 16*h - 6935 = -5*u. Is 10 a factor of u?
False
Let k(t) = 783*t**3 + 2*t**2 + t - 3. Is k(1) a multiple of 87?
True
Suppose i = -0*i - 21. Let b be ((-72)/i)/((-2)/(-14)). Suppose 2*z - 4*z + b = 0. Is z a multiple of 4?
True
Let l(c) = -6*c**2 + 4*c + 5. Let w(q) = -3*q**2 + 2*q + 3. Let f(v) = 3*l(v) - 7*w(v). Suppose 2*t = -14 + 8. Is 22 a factor of f(t)?
False
Suppose 15 = o + 2*o. Suppose 0 = o*f + 35 - 130. Is f a multiple of 10?
False
Let v = 46 - 41. Suppose z - 102 = -v*u, 5*z + 3*u - 4*u = 614. Is 26 a factor of z?
False
Let s(h) = h**3 + 4*h**2 + 5*h + 2. Let m be s(-3). Let x(u) = -u**3 - 4*u**2 + 4. Let n be x(m). Suppose -30 = 3*k - n*k. Does 15 divide k?
True
Let v be 3 - ((-3)/15 - (-858)/15). Let n = -23 - v. Does 19 divide n?
False
Let j(d) = -d**2 + 74 - 44 - 30*d - 74. Does 21 divide j(-18)?
False
Let h(i) = -i**2 + 3*i - 1. Let c be h(2). Let m = -55 - -37. Is 9 a factor of (-6)/c*27/m?
True
Let h(r) = r + 15. Let u be h(-11). Suppose k - 35 + u = 0. Is k a multiple of 14?
False
Let r(i) be the third derivative of 0 - 1/2*i**3 - 41/24*i**4 + 3*i**2 + 0*i. Is 13 a factor of r(-1)?
False
Suppose -3*a = -2*q - 410, 7*q - 8*q = 4*a - 565. Is 7 a factor of a?
True
Suppose 16*w - w = 25980. Does 14 divide w?
False
Suppose 3*t = -3*n + 1095, -2*t + 0*t + 754 = -4*n. Let a = t - 249. Does 15 divide a?
True
Let h(y) = -y**2 - 9*y + 4. Let l(o) = -5*o**2 - o. Let i be l(1). Let t(f) = -f - 13. Let z be t(i). Does 5 divide h(z)?
False
Is (-2)/(-3 - (24024/(-3004) - -5)) a multiple of 59?
False
Let z = 1021 - 50. Suppose 6*q + 149 = z. Is q a multiple of 33?
False
Let u = 12 - 11. Suppose j + 4 = -u. Let i = 29 - j. Is i a multiple of 14?
False
Let a(l) = 135*l**2 - 3*l - 3. Let s(d) = 203*d**2 - 5*d - 5. Let o(f) = 8*a(f) - 5*s(f). Is o(-1) a multiple of 12?
False
Let p(t) = -10*t + 1. Suppose -8*o = -4*o + 4. Let a be p(o). Is (-40)/(-22) + 2/a even?
True
Let a(i) = -i. Let g(w) = -w**3 + 15*w**2 - 14*w + 13. Let v(m) = 3*a(m) + g(m). Let n be v(13). Suppose 5*b - n = -0*b. Is b a multiple of 13?
True
Suppose 833 = 2*u - 9*u. Suppose 3*l + 105 = d - 69, 3*d - 522 = -4*l. Let f = u + d. Is 11 a factor of f?
True
Let i(w) = 39*w**2 + w - 1. Suppose -5*b - 6*y + 7 = -3*y, 0 = -3*b - y + 5. Let n be (-1)/(-2)*4/b. Does 12 divide i(n)?
False
Suppose 2275 = 18*k - 3125. Is k a multiple of 22?
False
Suppose 0 = 4*r - 8, -1494 = -3*z - 3*r - 234. Is 38 a factor of z?
True
Let s = -56 - -140. Suppose -2*v - 3*q + s = 0, -94 = -2*v + 2*q + 10. Is 6 a factor of v?
True
Let g(r) = -r**2 - 8*r - 4. Let y be g(-7). Suppose -2*u - 16 = -2*o - y*o, 4 = o. Is 2 a factor of u?
True
Let h(x) = -4*x**3 - 2*x**2 + x - 26. Does 8 divide h(-4)?
False
Let b = -225 - -324. Is b a multiple of 9?
True
Suppose 33*p = 46*p - 23400. Is 120 a factor of p?
True
Let r(q) = 4*q**2 - 5*q + 1. Let t be (-6)/(-33) - (-6)/(-33). Suppose 2*g - l + 11 = t, -15 = 3*g + l - 2*l. Is r(g) a multiple of 28?
False
Let b = 75 + 10. Is b even?
False
Does 21 divide (6/(-4))/((-12)/840)?
True
Let g = 20 + -17. Suppose -g = -l, d - 23 = -2*l - 64. Let y = 1 - d. Does 16 divide y?
True
Let r = 142 + 848. Is 45 a factor of r?
True
Let p(j) = j**2 + 6*j + 1. Let u(v) = -v**2 + 11*v - 2. Let w be u(8). Let q = w + -31. Is p(q) a multiple of 8?
False
Let c = -8 - -3. Let s = c - -3. Is 22 a factor of 23 - s - (1 + -1)?
False
Suppose -7293 = 4*r - 21*r. Is 11 a factor of r?
True
Let k(y) = y**3 - 14*y**2 + 6*y + 19. Let u be k(13). Let d = u + 107. Does 16 divide d?
False
Let d = -248 - -1400. Is d a multiple of 48?
True
Let q(b) be the third derivative of b**4/12 + b**3/6 + 4*b**2. Let g be q(6). Suppose -3*r + 8 = -g. Is r a multiple of 3?
False
Let t = 1935 + -586. Suppose 381 = -8*j + t. Does 14 divide j?
False
Is 72 + 7 + (-6 - -7) a multiple of 10?
True
Let m = 2357 - 1652. Is 10 a factor of m?
False
Let q(m) = 3*m - 5. Let k(r) = 3*r - 5. Let t(b) = -b**2 + 10*b + 17. Let p be t(12). Let w(s) = p*k(s) + 6*q(s). Is 20 a factor of w(-15)?
False
Suppose -x - 2*x = 3*k - 21, 0 = 3*x + 4*k - 26. Let n(b) = 41*b**2 - 11*b. Let d(o) = 8*o**2 - 2*o. Let t(m) = 11*d(m) - 2*n(m). Is t(x) a multiple of 19?
False
Let y(z) = 3*z**2 + 8*z - 3. Does 17 divide y(-20)?
True
Let z be ((-6)/(-5))/(4/10). Suppose q + c + z*c + 14 = 0, -2*q + 24 = -5*c. Let j(f) = 60*f - 4. Is 20 a factor of j(q)?
False
Let j(z) = 3*z**3 - 5*z**2 + z + 3. Let a be j(3). Let k = 22 - a. Is ((-20)/k)/((-1)/(-67)) a multiple of 12?
False
Let k(o) be the third derivative of o**5/10 + o**4/24 + o**3/6 - 5*o**2. Let x be (-8)/10*(-60)/(-24). Is 8 a factor of k(x)?
False
Is 8 a factor of (110/20)/11*2474?
False
Is 3 a factor of (-28)/3*504/(-98)?
True
Let x(o) = -2*o**3 - o**2 + 5*o - 6. Let m be x(3). Is m*((-70)/15 + 4) a multiple of 12?
True
Suppose 2*z = 3*v - 20, 0 = -2*v - 2*v + 5*z + 29. Let b be 12/(-30) + v/(-10). Let u(k) = -26*k. Is 14 a factor of u(b)?
False
Is 4 + 1981 + 27/9 a multiple of 9?
False
Suppose -5*m = 25 - 5, -2*h = m - 6. Suppose h*k - 382 = -3*c + 182, -330 = -3*k + c. Does 24 divide k?
False
Does 20 divide (-2)/(4/2) + 35 + 26?
True
Suppose l + 3*q = 17, 5*q + 1 = 4*l - 16. Let c(j) = -12*j**2 + 13*j**2 - 1 - 1 - l - 5*j. Is c(-7) a multiple of 20?
False
Let a(v) be the second derivative of v**3 - 3*v**2 + 3*v. Let c be 2*3/2 + 1. Is a(c) a multiple of 12?
False
Suppose -5*z = 3 - 13. Suppose -401 = -5*r + 4*b, 4*r + 0*r - 322 = z*b. Is 9 a factor of r?
True
Let q = 14 - 24. Let b(z) = z**3 + 11*z**2 + 9*z - 7. Let f be b(q). Does 22 divide (-999)/(-15) + f/(-5)?
True
Let d(y) = -96*y**3 - y**2. Let x be 2 - 5 - 1*-2. Let c be d(x). Is 15 a factor of c*(36/(-15) + 3)?
False
Let t(h) = 2*h**3 + 3*h**2 + 8*h + 4. Let b(g) = -3*g**2 - g. Let i be b(1). Let c(y) = y**2. Let z(a) = i*c(a) - t(a). Does 22 divide z(-5)?
False
Let n be ((-15)/(-6))/((-4)/(-8)). Suppose 0*k + n*p = -k + 6, 0 = -3*p - 6. Is k a multiple of 3?
False
Suppose 14*d - 4311 = 10613. Does 26 divide d?
True
Let a be (-1)/(-1) - (-3 - 25). Let g = a - 53. Let z = -2 - g. Is 14 a factor of z?
False
Suppose -4*m = 2*d - 54, -5*d + 3*m = 7*m - 165. Let h be (-10)/(-12)*3*2. Suppose -s + h*r = -41, -4*r - d = -2*s + s. Does 20 divide s?
False
Suppose s - 2*j = 3*j + 67, -3*s + 165 = -3*j. Suppose -284 - 104 = -2*f + 2*q, -3*f - 2*q = -592. Suppose f = 4*n + s. Does 12 divide n?
True
Let j = 888 + -600. Suppose j = 3*z + 3*z. Is 16 a factor of z?
True
Let l(b) = b + 14. Suppose -2 - 40 = -3*k. Suppose 0 = f + f + k. Does 3 divide l(f)?
False
Does 37 divide (-5718)/(-11)